{"id":281,"date":"2017-10-25T13:17:56","date_gmt":"2017-10-25T11:17:56","guid":{"rendered":"http:\/\/verwebtes.de\/?page_id=281"},"modified":"2020-03-16T21:20:32","modified_gmt":"2020-03-16T20:20:32","slug":"impressum","status":"publish","type":"page","link":"http:\/\/verwebtes.de\/?page_id=281","title":{"rendered":"Impressum"},"content":{"rendered":"<div class=\"entry clearfix\">\n<h4><strong>PRESSWERK Verlag und Public Relations<\/strong><\/h4>\n<p>J\u00f6rg Winkler<br \/>\nBarbarossastra\u00dfe 77<br \/>\n09112 Chemnitz<br \/>\nMobil: 0176 466 200 47<br \/>\nE-Mail: <a href=\"mailto:info@presswerk-online.de\">info@presswerk-online.de<\/a><\/p>\n<p>&nbsp;<\/p>\n<\/div>\n<p>&nbsp;<\/p>\n<div class=\"entry clearfix\">\n<blockquote><p><strong>Hinweis:<\/strong> Keine Abmahnung ohne vorherige Kontaktaufnahme. Falls Sie vermuten, dass von diesem Blog aus eines Ihrer Schutzrechte verletzt wird, teilen Sie dies bitte um\u00adgehend per E-Mail mit, damit zeitnah Abhilfe geschaffen werden kann. Eine Ver\u00adletzung von Schutzrechten Dritter oder eine Situation, die eine Aufforderung per anwalt\u00adlicher Abmahnung motivieren k\u00f6nnte, entspricht nicht dem mutma\u00dflichen Willen des Betreibers dieses Blogs. In jedem Fall sichere ich die sofortige Behebung der Ver\u00adletzung zu. Kosten einer Abmahnung oder einer anwaltlichen Beratung werden daher als offen\u00adkundlich mi\u00dfbr\u00e4uchlich angesehen und nicht \u00fcbernommen.<\/p>\n<p><strong>1. Haftungsbeschr\u00e4nkung<\/strong><\/p>\n<p>Die Webseite wurde mit gr\u00f6\u00dftm\u00f6glicher Sorgfalt erstellt. Der Anbieter dieser Webseite \u00fcbernimmt dennoch keine Gew\u00e4hr f\u00fcr die Richtigkeit, Vollst\u00e4ndigkeit und Aktualit\u00e4t der bereitgestellten Inhalte und Informationen. Die Nutzung der Webseiteninhalte erfolgt auf eigene Gefahr. Allein durch die Nutzung der Website kommt keinerlei Vertragsverh\u00e4ltnis zwischen dem Nutzer und dem Anbieter zustande.<\/p>\n<p><strong>2. Verlinkungen<\/strong><\/p>\n<p>Die Webseite enth\u00e4lt Verlinkungen zu anderen Webseiten (\u201eexterne Links\u201c). Diese Webseiten unterliegen der Haftung der jeweiligen Seitenbetreiber. Bei Verkn\u00fcpfung der externen Links waren keine Rechtsverst\u00f6\u00dfe ersichtlich. Auf die aktuelle und k\u00fcnftige Gestaltung der verlinkten Seiten hat der Anbieter keinen Einfluss. Die permanente \u00dcberpr\u00fcfung der externen Links ist f\u00fcr den Anbieter ohne konkrete Hinweise auf Rechtsverst\u00f6\u00dfe nicht zumutbar. Bei Bekanntwerden von Rechtsverst\u00f6\u00dfen werden die betroffenen externen Links unverz\u00fcglich gel\u00f6scht.<\/p>\n<p><strong>3. Urheberrecht \/ Leistungsschutzrecht<\/strong><\/p>\n<p>Die auf dieser Webseite durch den Anbieter ver\u00f6ffentlichten Inhalte unterliegen dem deutschen Urheberrecht und Leistungsschutzrecht. Alle vom deutschen Urheber- und Leistungsschutzrecht nicht zugelassene Verwertung bedarf der vorherigen schriftlichen Zustimmung des Anbieters oder jeweiligen Rechteinhabers. Dies gilt vor allem f\u00fcr Vervielf\u00e4ltigung, Bearbeitung, \u00dcbersetzung, Einspeicherung, Verarbeitung bzw. Wiedergabe von Inhalten in Datenbanken oder anderen elektronischen Medien und Systemen. Dabei sind Inhalte und Rechte Dritter als solche gekennzeichnet. Das unerlaubte Kopieren der Webseiteninhalte oder der kompletten Webseite ist nicht gestattet und strafbar. Lediglich die Herstellung von Kopien und Downloads f\u00fcr den pers\u00f6nlichen, privaten und nicht kommerziellen Gebrauch ist erlaubt.<\/p>\n<p>Diese Website darf ohne schriftliche Erlaubnis nicht durch Dritte in Frames oder iFrames dargestellt werden.<\/p>\n<p><strong>4. Datenschutz<\/strong><\/p>\n<p>Mit dem Besuch dieser Webseite k\u00f6nnen Informationen \u00fcber den Zugriff gespeichert werden. Diese Daten wie Uhrzeit, Datum und die betrachtete Seite geh\u00f6ren nicht zu den personenbezogenen Daten, sondern sind anonymisiert. Dies werden nur aus statistischen Zwecken erfasst. Eine Weitergabe an Dritte, zu kommerziellen oder nichtkommerziellen Zwecken, erfolgt nicht.<\/p>\n<p>Der Anbieter weist ausdr\u00fccklich darauf hin, dass die Daten\u00fcbertragung im Internet (z.B. bei der Kommunikation per E-Mail) Sicherheitsl\u00fccken aufweisen und nicht l\u00fcckenlos vor dem Zugriff durch Dritte gesch\u00fctzt werden kann.<\/p>\n<p>Die Verwendung der Kontaktdaten des Impressums zur gewerblichen Werbung ist ausdr\u00fccklich nicht erw\u00fcnscht, es sei denn der Anbieter hatte zuvor seine schriftliche Einwilligung erteilt oder es besteht bereits eine Gesch\u00e4ftsbeziehung. Der Anbieter und alle auf dieser Website genannten Personen widersprechen hiermit jeder kommerziellen Verwendung und Weitergabe ihrer Daten.<\/p><\/blockquote>\n<\/div>\n","protected":false},"excerpt":{"rendered":"<div class=\"mh-excerpt\"><p>PRESSWERK Verlag und Public Relations J\u00f6rg Winkler Barbarossastra\u00dfe 77 09112 Chemnitz Mobil: 0176 466 200 47 E-Mail: info@presswerk-online.de &nbsp; &nbsp; Hinweis: Keine Abmahnung ohne vorherige <a class=\"mh-excerpt-more\" href=\"http:\/\/verwebtes.de\/?page_id=281\" title=\"Impressum\">[&#8230;]<\/a><\/p>\n<\/div>","protected":false},"author":1,"featured_media":0,"parent":0,"menu_order":0,"comment_status":"closed","ping_status":"closed","template":"","meta":[],"publishpress_future_action":{"enabled":false,"date":"1970-01-01 01:00:00","action":"","terms":[],"taxonomy":"","browser_timezone_offset":0},"_links":{"self":[{"href":"http:\/\/verwebtes.de\/index.php?rest_route=\/wp\/v2\/pages\/281"}],"collection":[{"href":"http:\/\/verwebtes.de\/index.php?rest_route=\/wp\/v2\/pages"}],"about":[{"href":"http:\/\/verwebtes.de\/index.php?rest_route=\/wp\/v2\/types\/page"}],"author":[{"embeddable":true,"href":"http:\/\/verwebtes.de\/index.php?rest_route=\/wp\/v2\/users\/1"}],"replies":[{"embeddable":true,"href":"http:\/\/verwebtes.de\/index.php?rest_route=%2Fwp%2Fv2%2Fcomments&post=281"}],"version-history":[{"count":4,"href":"http:\/\/verwebtes.de\/index.php?rest_route=\/wp\/v2\/pages\/281\/revisions"}],"predecessor-version":[{"id":292,"href":"http:\/\/verwebtes.de\/index.php?rest_route=\/wp\/v2\/pages\/281\/revisions\/292"}],"wp:attachment":[{"href":"http:\/\/verwebtes.de\/index.php?rest_route=%2Fwp%2Fv2%2Fmedia&parent=281"}],"curies":[{"name":"wp","href":"https:\/\/api.w.org\/{rel}","templated":true}]}}